hat is the hundred millions digit of 195879564?
1
What is the ten thousands digit of 3858803?
5
What is the ten thousands digit of 4238599000?
9
What is the ten millions digit of 297640714?
9
What is the units digit of 75297949?
9
What is the ten millions digit of 1650719943?
5
What is the hundreds digit of 18506969?
9
What is the billions digit of 5025547556?
5
What is the ten millions digit of 24989477?
2
What is the ten thousands digit of 104513950?
1
What is the units digit of 172712260?
0
What is the tens digit of 64677739?
3
What is the thousands digit of 64525824?
5
What is the tens digit of 796511869?
6
What is the ten millions digit of 62838987?
6
What is the thousands digit of 110649310?
9
What is the ten thousands digit of 15537887?
3
What is the ten thousands digit of 112518019?
1
What is the millions digit of 9149871?
9
What is the units digit of 108341708?
8
What is the hundreds digit of 698742683?
6
What is the millions digit of 591720542?
1
What is the millions digit of 3695865?
3
What is the thousands digit of 28211219?
1
What is the hundred millions digit of 2411839076?
4
What is the hundreds digit of 68037792?
7
What is the tens digit of 393358054?
5
What is the millions digit of 82799247?
2
What is the hundreds digit of 42743706?
7
What is the hundred millions digit of 646149635?
6
What is the ten thousands digit of 176347683?
4
What is the ten thousands digit of 817652164?
5
What is the hundreds digit of 1375788933?
9
What is the tens digit of 1024083727?
2
What is the thousands digit of 617977033?
7
What is the hundred thousands digit of 423740419?
7
What is the hundreds digit of 39626863?
8
What is the units digit of 3255476257?
7
What is the hundred millions digit of 442229309?
4
What is the units digit of 6099595742?
2
What is the hundred thousands digit of 55588828?
5
What is the ten thousands digit of 234793688?
9
What is the millions digit of 1700240908?
0
What is the hundreds digit of 7637833?
8
What is the hundred thousands digit of 5076536?
0
What is the millions digit of 46343320?
6
What is the ten millions digit of 529132018?
2
What is the thousands digit of 1562447183?
7
What is the units digit of 2467647376?
6
What is the hundreds digit of 927650246?
2
What is the billions digit of 5479488910?
5
What is the ten millions digit of 6262356570?
6
What is the tens digit of 39124310?
1
What is the thousands digit of 726750110?
0
What is the ten thousands digit of 189528614?
2
What is the ten millions digit of 626999150?
2
What is the units digit of 1488476817?
7
What is the hundreds digit of 142900236?
2
What is the hundred thousands digit of 298724134?
7
What is the millions digit of 6639738990?
9
What is the millions digit of 21466572?
1
What is the tens digit of 396277666?
6
What is the hundred millions digit of 234138755?
2
What is the ten millions digit of 44977631?
4
What is the ten millions digit of 14690550?
1
What is the ten thousands digit of 326440802?
4
What is the hundred millions digit of 1685854292?
6
What is the millions digit of 39504146?
9
What is the ten millions digit of 3739197790?
3
What is the hundred thousands digit of 490210158?
2
What is the ten thousands digit of 1443877?
4
What is the hundred millions digit of 256637183?
2
What is the millions digit of 234549025?
4
What is the hundreds digit of 59945591?
5
What is the tens digit of 84089958?
5
What is the hundreds digit of 46194519?
5
What is the hundreds digit of 332459461?
4
What is the hundred thousands digit of 165674650?
6
What is the hundred thousands digit of 213768654?
7
What is the millions digit of 148625374?
8
What is the tens digit of 10707486?
8
What is the tens digit of 757948225?
2
What is the hundred thousands digit of 1079245087?
2
What is the tens digit of 2071623583?
8
What is the millions digit of 469514336?
9
What is the units digit of 663972067?
7
What is the millions digit of 208324467?
8
What is the billions digit of 2416290527?
2
What is the hundreds digit of 282602759?
7
What is the units digit of 19065763?
3
What is the hundreds digit of 136897739?
7
What is the thousands digit of 2475423027?
3
What is the units digit of 3395001?
1
What is the thousands digit of 181803662?
3
What is the ten millions digit of 640455993?
4
What is the ten thousands digit of 44492556?
9
What is the tens digit of 156548356?
5
What is the tens digit of 54973391?
9
What is the hundred thousands digit of 163302587?
3
What is the ten thousands digit of 1383466754?
6
What is the hundreds digit of 733487371?
3
What is the tens digit of 856564754?
5
What is the ten thousands digit of 12485537?
8
What is the tens digit of 22902396?
9
What is the ten thousands digit of 68332609?
3
What is the thousands digit of 36048389?
8
What is the hundred thousands digit of 3254138?
2
What is the millions digit of 896985595?
6
What is the billions digit of 1687918902?
1
What is the hundred thousands digit of 52772324?
7
What is the ten thousands digit of 1006254431?
5
What is the ten millions digit of 89191956?
8
What is the units digit of 207101090?
0
What is the tens digit of 133379235?
3
What is the tens digit of 3589516455?
5
What is the millions digit of 236745525?
6
What is the ten millions digit of 783051445?
8
What is the millions digit of 1329521461?
9
What is the hundred thousands digit of 4429422?
4
What is the ten millions digit of 1917143418?
1
What is the hundreds digit of 40675281?
2
What is the thousands digit of 9322009?
2
What is the tens digit of 16135346?
4
What is the millions digit of 270903714?
0
What is the billions digit of 1757932251?
1
What is the tens digit of 113490366?
6
What is the millions digit of 222568970?
2
What is the ten thousands digit of 1773322155?
2
What is the millions digit of 120172185?
0
What is the hundred thousands digit of 11608130?
6
What is the units digit of 202219586?
6
What is the hundreds digit of 48758019?
0
What is the ten millions digit of 138106439?
3
What is the ten thousands digit of 45648686?
4
What is the ten millions digit of 2804338920?
0
What is the millions digit of 2268954285?
8
What is the hundreds digit of 57367541?
5
What is the hundred thousands digit of 5932494011?
4
What is the thousands digit of 364693375?
3
What is the hundreds digit of 40137733?
7
What is the tens digit of 264361690?
9
What is the ten thousands digit of 461699773?
9
What is the tens digit of 21730007?
0
What is the tens digit of 37650228?
2
What is the hundred thousands digit of 9858100?
8
What is the ten millions digit of 69876642?
6
What is the ten thousands digit of 2009946956?
4
What is the hundreds digit of 2819506453?
4
What is the hundred millions digit of 211954542?
2
What is the ten thousands digit of 6249895468?
9
What is the units digit of 10274918?
8
What is the thousands digit of 117750740?
0
What is the units digit of 1862973554?
4
What is the ten thousands digit of 21719228?
1
What is the hundreds digit of 3825838189?
1
What is the units digit of 74709549?
9
What is the ten millions digit of 4472978729?
7
What is the millions digit of 966198292?
6
What is the ten thousands digit of 43845820?
4
What is the hundred millions digit of 3160508151?
1
What is the billions digit of 7892494698?
7
What is the hundred millions digit of 1820727473?
8
What is the ten millions digit of 965558029?
6
What is the millions digit of 2387526247?
7
What is the ten millions digit of 80306212?
8
What is the ten millions digit of 6946145090?
4
What is the hundreds digit of 7501794441?
4
What is the units digit of 801808740?
0
What is the hundred thousands digit of 20766882?
7
What is the tens digit of 22024913?
1
What is the tens digit of 440467741?
4
What is the billions digit of 2700743933?
2
What is the units digit of 55528429?
9
What is the ten thousands digit of 7264078?
6
What is the ten millions digit of 4043870286?
4
What is the units digit of 486602016?
6
What is the units digit of 2067176585?
5
What is the hundred thousands digit of 42044600?
0
What is the ten thousands digit of 117482199?
8
What is the thousands digit of 163174484?
4
What is the hundred millions digit of 1581422936?
5
What is the hundred millions digit of 898002097?
8
What is the units digit of 77575612?
2
What is the hundred thousands d